s. Calculate u(q).
-2
Let y(s) be the first derivative of -s**3/3 + 5*s**2/2 + 2*s - 1. Let w be (27/(-2))/(-3)*(-184)/(-138). Calculate y(w).
-4
Let w(r) = r**3 - 2*r**2 + r - 8. Let k(t) = 1. Let l(o) = 6*k(o) + w(o). Determine l(2).
0
Suppose 2 = 6*p - 4. Let b(c) = -15*c**2 + 1. Give b(p).
-14
Let n be (7 - 1) + (-29 - -27). Let q(g) = 2*g**2 + 3*g + 4. Let i(a) = 0 - 3*a**2 - 4 + 0*a**2 - 3*a. Let o(s) = -3*i(s) - 4*q(s). What is o(n)?
0
Let j(u) be the second derivative of -u**5/20 + 7*u**4/12 + 4*u**2 - u + 2. What is j(7)?
8
Let v(m) = -m**3 - 8*m**2 + 20*m + 1. Let p be v(-10). Let j(r) be the first derivative of 3*r - p + 1/3*r**3 + 3*r**2. Calculate j(-5).
-2
Let v(a) = -3*a**3 - 3*a**2 - 1. Let d(s) = 4*s**3 + 4*s**2 + 2. Let b(z) = 2*d(z) + 3*v(z). Calculate b(0).
1
Let b be (-2)/(-5)*(-20)/(-8). Let z(q) = -2 - 2*q + 0 + b + 5*q. Let j(k) = k + 6. Let l be j(-4). Give z(l).
5
Let v(o) be the third derivative of 0 + 0*o + 1/6*o**3 - 3*o**2 - 11/24*o**4. Suppose 5*s - 3 = 2. Determine v(s).
-10
Let p(f) be the second derivative of f**3/6 + 4*f**2 + 6*f. Suppose 5*n + 3*r + 9 + 30 = 0, 4*r = -2*n - 24. Determine p(n).
2
Suppose -5*m + 11 = 2*w, 5*m - 19 = w + w. Let j(v) = -v - 2. Give j(w).
0
Let p(q) = q**2 - 7. Let n(t) = t**3 + 5*t**2 + 5*t + 4. Let x = -9 - -5. Let w be n(x). Calculate p(w).
-7
Let v(u) = u - 1. Let l(n) = n**2 - 3*n - 3. Let g(f) = -l(f) + 2*v(f). Give g(4).
5
Let b(w) = -5*w + 6*w + 0*w - 5*w. Give b(1).
-4
Let i(z) be the third derivative of -z**6/8 - 10*z**2. What is i(1)?
-15
Let u(i) be the first derivative of -i**5/60 + i**4/24 + i**2/2 + 3. Let m(o) be the second derivative of u(o). Calculate m(0).
0
Suppose -2*h = -7*h + 20. Let x(i) = h*i + 3*i + 0*i - 5*i. Let o(w) = -w**2 + 6*w - 1. Let c be o(6). Give x(c).
-2
Let s(h) = h**3 + 3*h**2 - 2*h - 6. Let g be 4/((-24)/(-30)) - 9. Calculate s(g).
-14
Let r(g) = 3*g - 11. Let j(b) = 3*b - 12. Let c(q) = 5*j(q) - 6*r(q). Calculate c(4).
-6
Let m(w) be the first derivative of 2*w**3/3 - w**2/2 + w - 10. Give m(-3).
22
Let v(c) be the third derivative of 0*c + 0 + 1/3*c**3 + 6*c**2 - 1/24*c**4 - 1/60*c**5. Determine v(0).
2
Let a(l) = l**2 - l. Let j(q) = q**3 - q**2 - 4*q + 5. Let o be j(2). Determine a(o).
0
Let i(p) = -p**3 - 7*p**2 - 6*p + 4. Let s(t) = -t + 1. Let b(g) = -3*g - 8. Let w(z) = b(z) - 4*s(z). Let o be w(6). What is i(o)?
4
Suppose -5*h + 3*g = -22, 0 = 4*g + 19 - 3. Let y(q) = 5 - q + 0 - q**h - 4 - 5*q**3. Suppose -4*l + l + 3 = 0. Calculate y(l).
-6
Suppose -p - 12 + 3 = 0. Let m be (-3 - -6)*(-15)/p. Let r(b) = b**3 - 4*b**2 - 7*b + 3. What is r(m)?
-7
Let k = -10 - -8. Let l(x) = 3*x**2 + 4*x - 11. Let q(j) = 2*j**2 + 3*j - 7. Let c(r) = 5*l(r) - 8*q(r). Calculate c(k).
5
Let n(f) = f + 1. Suppose 3*l - 2*a - 4 = 12, -4*a = -4. Let s(q) = -3*q**2 + 7*q + 6. Let x(g) = l*n(g) - s(g). Give x(1).
2
Suppose -3*x - x + 20 = 5*y, 4*y + 5*x - 25 = 0. Let v be (1 - y) + 3/3. Let h(c) be the first derivative of 2*c**3/3 - c**2 - c + 1. What is h(v)?
3
Suppose w + 4 - 2 = 0. Let q be w/(2 - (-1 - -1)). Let h(g) = 3*g**2 - g - 1. What is h(q)?
3
Let h(x) = -x**2 - 8*x + 5. Let n = 30 + -38. Calculate h(n).
5
Let c(h) = 3*h - 11. Let a(r) = -2*r + 6. Let b(q) = -5*a(q) - 3*c(q). Calculate b(5).
8
Let y(c) be the first derivative of c**3 - c**2 - 3. What is y(2)?
8
Let n(o) = -8*o**2 + 3*o + 1. Let p = 17 - 14. Let f(r) = -15*r**2 + 7*r + 2. Let i(w) = p*f(w) - 7*n(w). Calculate i(1).
10
Suppose -5*d = 5*p, 0*d + 1 = d. Let c(x) = 13*x + 1. Determine c(p).
-12
Suppose -3*n = 2*o - 5, -o + 3 = -1. Let c(g) be the third derivative of -1/24*g**6 - 1/24*g**4 + 0*g**3 + 0*g + 2*g**2 + 0*g**5 + 0. Determine c(n).
6
Let o(y) be the third derivative of -2*y**2 + 1/30*y**5 + 1/120*y**6 + 0*y + 0 + 1/6*y**3 + 0*y**4. What is o(-3)?
-8
Suppose 29 = -5*q + 14. Let y = 8 + -6. Let t(c) = 2 - 5*c + 2*c + y*c. Give t(q).
5
Let c(s) = s**2 + s - 1. Let f(o) = 2*o + 1. Let g(x) = x**2 + 3*x - 1. Let u be g(-2). Let d be f(u). Let v be (2 + 12/d)*5. What is c(v)?
1
Let f(h) = h**3 + 6*h**2 + 10*h + 7. Let q be f(-3). Let m(z) = -6*z + 29. Let r(n) = 2*n - 10. Let x(l) = 4*m(l) + 11*r(l). Calculate x(q).
-2
Suppose 2*z - 8 = -4. Let s(p) = -8*p**2 - z*p**2 - 4*p + p + 2*p. What is s(1)?
-11
Let t(k) = 10 + 7 - 19 - 2*k. Calculate t(-4).
6
Let b(p) be the third derivative of p**7/840 - p**6/60 - p**4/3 - p**3/3 + 2*p**2. Let f(l) be the first derivative of b(l). Determine f(6).
-8
Let t(v) be the first derivative of v**4/24 + v**3/6 - v**2 - 1. Let k(c) be the second derivative of t(c). Let y(n) = n**3 - 1. Let b be y(0). Determine k(b).
0
Let h(w) be the first derivative of -w**3/3 - 5*w**2/2 + 7*w - 17. What is h(-6)?
1
Let r(s) = 2*s - 6. Suppose 3*o - 2*b = -4 - 8, 0 = -5*o - 4*b + 2. Let y be (4 + -2)/((-1)/o). Determine r(y).
2
Let s(g) = g + 8. Suppose p = -4*z, p - 38 = 5*p - 3*z. Let c be s(p). Let h(a) = 9*a + 3. Let k(n) = -4*n - 2. Let y(v) = -3*h(v) - 7*k(v). Calculate y(c).
5
Let j(c) = 2*c**3 - c**2 + c - 1. Let s be j(1). Let i(p) = -7*p + s + 4*p + p. Determine i(-2).
5
Let l be (-4)/10 + (-42)/(-5). Suppose -l*x = -3*x - 10. Let g(y) = -3*y**2 - x + 1 - 2*y**2 - 4*y + 2*y. Give g(-1).
-4
Let f be -6 - (-1)/((-4)/(-12)). Let s(y) = -2*y + 1. Calculate s(f).
7
Let b(j) = j**2 + 3*j + 3. Let m(o) = 2*o**2 + 4*o + 3. Let v(s) = -3*b(s) + 2*m(s). Let u(t) be the first derivative of v(t). Determine u(-3).
-7
Let g be ((-6)/(-4))/(3 + (-5)/2). Let d(q) be the first derivative of q + 1/2*q**4 + 3 + 1/2*q**2 + q**g. Give d(-2).
-5
Let r(b) = -2*b**2 + 5*b + 2. Let q = 16 + -16. Let y(d) = 2*d + 4. Let m be y(q). Calculate r(m).
-10
Let k(n) be the first derivative of n**4/4 - 7*n**3/3 - 3*n**2 + 10*n + 44. What is k(8)?
26
Let b(p) = p**2 - 6*p - 1. Suppose 34*w = 29*w + 35. What is b(w)?
6
Let b(w) be the third derivative of w**6/120 - w**5/60 + w**3/6 + 2*w**2. Let q be b(0). Let v(f) = 7*f**2 + 1. Give v(q).
8
Let w(p) be the third derivative of p**4/12 + p**3/6 - 10*p**2. Give w(1).
3
Let f = 10 - 8. Let p(s) = -4 + 4 + 0 - s**f + 4 + 3*s. Calculate p(4).
0
Let l(m) = m**3 + 3*m**2 - 4*m - 1. Suppose 14 + 42 = 2*q - 3*z, 0 = -3*z + 12. Suppose 10 = -3*s - 2. Let a be s/(-16) + q/(-8). What is l(a)?
-1
Let c(q) = 7*q + 6. Let y(o) = -13*o - 11. Let p(x) = 5*c(x) + 3*y(x). Calculate p(-4).
13
Let o(l) be the third derivative of -l**4/24 + l**3/6 + 2*l**2. Suppose -5*t + 0*t + 20 = 0, -19 = 3*x - t. Give o(x).
6
Let k(j) = 5*j + 1. Let z(g) = g**3 + 5*g**2 + 5*g. Let p = -4 - 0. Let l be z(p). Let t be -2 - l - (-3)/(-1). Calculate k(t).
-4
Suppose -3*m - z + 2*z + 1 = 0, 0 = 2*z - 10. Let p(o) = -o**3 + 3*o**2 - o. Let y be p(m). Let g(b) = 2*b - 1 + y - 4. Calculate g(5).
7
Let o(q) = -q - 9. Suppose 17*v = 20*v. Calculate o(v).
-9
Let p(b) = -b**3 + b - 1. Let t be 2/(-4) - 66/(-12). Suppose 1 = t*f - 4. Calculate p(f).
-1
Let p = -103 + 110. Let z(n) = n**2 - 7*n - 5. Give z(p).
-5
Suppose 3*i + 10 = i. Let g(y) = 4*y**2 - 5*y + 9. Let s(j) = -3*j**2 + 5*j - 8. Let n(c) = 4*g(c) + 5*s(c). Give n(i).
-4
Suppose 5*m - 62 - 13 = 0. Suppose -4*y = y - m. Suppose -y*o = -3 - 3, -4*o + 13 = -5*z. Let g(r) = -r**3 - 2*r**2 + r + 1. Calculate g(z).
-1
Let x(p) be the third derivative of 0 - 1/60*p**5 + 2*p**2 + 0*p + 1/8*p**4 + 1/6*p**3 - 1/60*p**6. What is x(-2)?
7
Let k(r) = r**3 + 7*r**2 - 4*r + 2. Let o(s) = s**3 + s**2. Let g(v) = k(v) - 3*o(v). Let f be g(2). Let a(x) = -x**3 - 6*x**2 + 2*x + 3. Determine a(f).
-9
Let f = 9 - 7. Let z(d) = 2*d + 3 - 4 + 2*d - 5*d**f - 3*d. What is z(1)?
-5
Let t = 37 + -25. Let n(h) = h**2 - 11*h - 15. Let r be n(t). Let z(b) = b**3 + 3*b**2 - b - 2. What is z(r)?
1
Let j = -27 - -33. Let w(h) = -2*h - 8. Give w(j).
-20
Let j(t) = -3*t**2 - 2*t - 4. Let g(k) = -7*k**2 - 5*k - 9. Let s(v) = 6*g(v) - 13*j(v). Give s(-2).
-6
Let q(u) = 0*u - 12*u**2 - 5*u + 13*u**2 + 3. Let i be (-146)/(-8) + (-1)/4. Suppose -i = -4*b - 2. What is q(b)?
-1
Let r = -1 - -3. Let m(a) = -2*a - 4. Let v(z) = -z - 2. Suppose -20 = 5*w - 0. Let k(t) = w*m(t) + 9*v(t). What is k(r)?
-4
Let z(v) = -2*v + 3. Let j = -16 + 19. Suppose g - 14 = -3*b, b = j*g - 3 + 1. What is z(g)?
-1
Let g(t) be the second derivative of 0 + 0*t**2 - 1/360*t**6 - 1/